21 = -5*r + 5, 10 = 5*r. Suppose s = -v*s + 125. Suppose -4*h + 20 = 5*k, 9*h + 2*k = 14*h - 58. Calculate the highest common divisor of h and s.
5
Let p(w) = -w**3 - 3*w**2 + w - 2. Let i be p(-4). Suppose -16 = -2*n + i. Let o be 54 + (0 - 0 - 2). Calculate the highest common divisor of n and o.
13
Suppose 0 = -7*w + 9*w - 210. Suppose 0*u - 5*n + w = 5*u, -3*u + 2*n = -48. What is the greatest common factor of 180 and u?
18
Let f be (5 - -8) + (3 - (-2)/(-1)). Suppose 7*r - 3*r = 0. Suppose -d = -2*d + 2*g + 8, 2*g + 6 = r. What is the highest common divisor of d and f?
2
Let i be (5/2)/(5/60). What is the greatest common factor of i and 6?
6
Suppose -i - 2 = -k, 0 = 5*k + 2*i - 11 + 1. Suppose 1 + k = j. Suppose j*p = -1 + 34. What is the greatest common divisor of p and 1?
1
Let k = -23 - -35. Suppose 3*w = w. Suppose 4*v = -w*n + 2*n + 14, 1 = n. Calculate the greatest common divisor of k and v.
4
Let p = -403 - -700. What is the greatest common divisor of p and 33?
33
Suppose 3 = -3*s - 5*r - 7, -2*r - 4 = -s. Let m = s - -2. Suppose m*p - 16 = 2*k + 2*k, 0 = 5*k - 15. Calculate the greatest common divisor of p and 7.
7
Let a = -2 - -17. Let y = -39 + 44. What is the greatest common factor of a and y?
5
Let u be (-1 - -1) + 16 + -1. Let v be 6/(2 - 24/u). Suppose -3*k + 6*k - 45 = 3*h, 0 = k - 5*h - 15. Calculate the highest common factor of v and k.
15
Let d be (-56)/(-10) - (-4)/10. Let y(q) = -q**2 + 14*q - 9. Let k be y(11). Calculate the highest common factor of d and k.
6
Let a(l) = -234*l**3 + l + 1. Let q be a(-1). Calculate the greatest common factor of 26 and q.
26
Let g be 2 + (11 - (-4 - -2)). Let o be (-2)/5 + 608/20. Calculate the greatest common divisor of o and g.
15
Let c(z) = z**3 + z + 4. Let k be c(0). Suppose 0 = -0*j + k*j - 32. What is the greatest common factor of j and 2?
2
Let v be (40/2)/(-4 + 6). What is the greatest common divisor of 70 and v?
10
Suppose -102 - 60 = -3*x. Calculate the highest common divisor of 135 and x.
27
Let h(m) = -m + 3. Let w be h(-7). Suppose 6*l + l = 490. Calculate the highest common factor of w and l.
10
Let o = 52 + 28. Calculate the highest common factor of o and 40.
40
Suppose -4*w + 8 = -0*w. What is the highest common factor of 4 and w?
2
Let a = 5 - -5. Calculate the highest common factor of a and 10.
10
Let a be (9*1)/((-5)/(-10)). Suppose 4*c = -2*s - 16, -2*s - 5*c - 3 = a. Let l = s - 1. Calculate the greatest common factor of 1 and l.
1
Suppose -140 = 2*q - 6*q. Suppose 3*p - 4*a - 10 = -3*a, 0 = -4*p - 3*a + q. Let w be 2/(-5) - (-62)/p. Calculate the greatest common factor of w and 4.
4
Suppose -4*i + 19*i = 525. What is the highest common factor of 70 and i?
35
Let k be ((-2)/(-6))/(1/6). Suppose -5*v = -2*m - 66, -m + 3 = -k*m. Calculate the greatest common divisor of v and 60.
12
Suppose 4*k = 5*p - 0 + 2, -5*p + 2*k = -4. Suppose t = -2*t + 5*g + 118, 82 = p*t - 5*g. Calculate the greatest common divisor of t and 90.
18
Let t(f) = 82*f**2 - 3*f + 3. Let w be t(2). Suppose l = 2*y - w, -2*l - 2*l = 3*y - 471. Calculate the highest common divisor of y and 23.
23
Let l be 6*(-4)/(-8) - -6. Suppose -2*d - 9 = -153. What is the highest common divisor of l and d?
9
Let w = -8 + 24. Calculate the highest common divisor of 32 and w.
16
Let r be (-32)/6 + 6/(-9). Let m be ((-40)/(-15))/((-1)/r). Calculate the highest common factor of 128 and m.
16
Let t = -4 - -7. Suppose 5*i = -2*c + 10 + 7, -3*c = -t. What is the highest common divisor of i and 6?
3
Suppose -g - g + 384 = 4*f, 0 = -g - 4. Let d = -47 + f. What is the highest common factor of 34 and d?
17
Suppose 96*u + 24 = 100*u. Let k = 1 - 1. Suppose -2*y = -x - 5 + 12, k = -4*y + 16. Calculate the greatest common divisor of x and u.
3
Let k(r) = -r**2 + 10*r - 4. Let a be k(7). What is the highest common divisor of a and 51?
17
Suppose 0 = i - 0*i - 40. Let w = 7 - 17. Let u be (1 - 2)*10*w. What is the greatest common divisor of u and i?
20
Let t(k) = k**2 + k + 48. Let v be t(0). What is the highest common divisor of 6 and v?
6
Let r be (-33)/4*(-16)/6. Calculate the greatest common divisor of 55 and r.
11
Suppose 0*s + 545 = 4*q + 3*s, 0 = -4*q - s + 539. Let f = q - 89. Calculate the highest common divisor of f and 15.
15
Let c(n) = n + 10. Let v(r) = -2*r. Let u be v(-2). Let y be u/10 + (-6)/15. Let k be c(y). Calculate the highest common divisor of k and 20.
10
Let h = -127 - -163. Calculate the highest common divisor of h and 9.
9
Let l(w) = -w**2 + w - 8. Let d be l(0). Let y = -5 - d. Let h(m) = 3*m**2 + 5*m - 3. Let u be h(y). What is the greatest common factor of 13 and u?
13
Suppose c = 4*c + 15. Let i be (-1)/(2 + c + 2). Let b = 15 + i. What is the greatest common divisor of b and 40?
8
Let k be 10/4 + (-2)/(-4). Let p be -2 + k/1 + 25. What is the highest common divisor of p and 26?
26
Let z be (-4)/(((-3)/17)/3). Suppose 8 = -2*q + z. Let j be 12 + (-2 - -1 - 1). Calculate the highest common divisor of q and j.
10
Suppose 5*j - 33 - 92 = 0. Let c = 43 - j. Calculate the highest common divisor of c and 6.
6
Let s = 25 + -18. What is the greatest common divisor of 28 and s?
7
Let m = 2 + -164. Let u be (-1)/(-2) + m/(-4). Suppose 2*j - u = k, 2*j + 2*j = 4*k + 76. Calculate the greatest common factor of j and 2.
2
Suppose -z = 2*z + 2*f + 58, 2*z = 4*f - 12. Let g = -10 - z. Calculate the highest common divisor of g and 6.
6
Let i(m) = m**2 + 2*m + 4. Let o be i(-3). Let a be 378/15*(15/(-2))/(-3). What is the greatest common factor of a and o?
7
Suppose 0 = -4*f + 5 + 3. Suppose -g - f*b - 3*b = 10, -4*g = -4*b - 32. Calculate the greatest common factor of 10 and g.
5
Let x = 22 + -13. Calculate the greatest common divisor of 6 and x.
3
Let m(y) = 2*y**2 + 29*y + 16. Let i be m(-14). Let v be 2*(-7)/(-2) - -1. Calculate the highest common divisor of v and i.
2
Let c = 13 + -22. Let p(j) = -j**3 - 9*j**2 - 2*j - 11. Let t be p(c). Calculate the highest common divisor of t and 7.
7
Let k = 87 - 62. Calculate the highest common divisor of k and 10.
5
Let m be 0 - -12 - (-1 + 0). Let n(r) = -r**3 - 16*r**2 + 10*r + 24. Let u be n(-17). Calculate the highest common divisor of m and u.
13
Let f = -3 + 5. Suppose -53 = -4*j + 5*c, 21 = 2*j + f*c + c. Let m(g) = 23*g + 4. Let z be m(4). Calculate the greatest common factor of j and z.
12
Suppose 5*n + 342 = -p, 0*n = n + 3*p + 60. Let y = -41 - n. What is the greatest common factor of 42 and y?
14
Let s(v) = -v - 3. Let a be s(-5). Let d be (8/6)/(a/27). Let f be (-66)/4*(-12)/d. Calculate the greatest common divisor of 99 and f.
11
Suppose 0 = 4*y - 4 - 4. Let g be 14 - ((1 - y) + 0). Suppose 5*n - n = 300. What is the highest common divisor of n and g?
15
Let i(a) = a**3 + 10*a**2 - 12*a - 5. Let c be i(-11). What is the greatest common factor of c and 48?
6
Suppose -4*l = -3*w - 3*l + 13, 2*l + 16 = 4*w. Suppose w*x - 25 = -0*x. Let m be 2/(-3)*3/(-2). What is the highest common divisor of m and x?
1
Let a(y) = -3*y - 1. Let k be 3 - (-1 - 0)/1. Let c = 3 - k. Let g be a(c). What is the greatest common divisor of 8 and g?
2
Suppose -4*f + v + 17 = 0, -f - 2*f + 3*v + 15 = 0. Suppose -5*w + 3*y = -f*w - 42, -8 = 2*y. What is the greatest common divisor of w and 20?
10
Let r = -11 + 52. Let i be r + (1 + -1 - -3). What is the greatest common divisor of i and 4?
4
Let h be 2*((-10)/(-4) + -1). Let d be (-24)/(-9)*h*1. Let w = d - -4. What is the highest common factor of w and 8?
4
Let r = -138 + 78. Let g be (-1)/(-1 + (-57)/r). Let h(o) = -2*o. Let l be h(-4). Calculate the greatest common divisor of g and l.
4
Let a(y) = y**3 - 5*y**2 + 2*y - 2. Let c be a(5). Calculate the highest common factor of 56 and c.
8
Let r(z) = -z**3 - 5*z**2 - 4. Let d be r(-5). Let n(s) = -2*s + 1. Let g be n(d). Suppose 0 = -3*y - 0*y + g. What is the highest common factor of y and 9?
3
Let d be (2/(-3))/(4/(-54)). Let m = d - 4. Suppose 5 = -m*h + 20. What is the greatest common divisor of h and 3?
3
Let b(m) = m**2 - 5*m - 7. Let o(j) = j**2 + 3*j + 2. Let a be o(-4). Let p be b(a). Let i = 9 - p. Calculate the highest common factor of i and 30.
10
Let t = 24 - 12. Suppose -16 = -2*s + t. Suppose 4*q - 3 = 5. What is the greatest common factor of q and s?
2
Let m = -7 + 